[INFO] fetching crate fabruic 0.0.1-dev.6...
[INFO] checking fabruic-0.0.1-dev.6 against master#e6e4f7ed1589e03bc2f6c5931c1a72e7947e8682 for beta-170-4
[INFO] extracting crate fabruic 0.0.1-dev.6 into /workspace/builds/worker-0-tc2/source
[INFO] validating manifest of crates.io crate fabruic 0.0.1-dev.6 on toolchain e6e4f7ed1589e03bc2f6c5931c1a72e7947e8682
[INFO] running `Command { std: CARGO_HOME="/workspace/cargo-home" RUSTUP_HOME="/workspace/rustup-home" "/workspace/cargo-home/bin/cargo" "+e6e4f7ed1589e03bc2f6c5931c1a72e7947e8682" "metadata" "--manifest-path" "Cargo.toml" "--no-deps", kill_on_drop: false }`
[INFO] started tweaking crates.io crate fabruic 0.0.1-dev.6
[INFO] finished tweaking crates.io crate fabruic 0.0.1-dev.6
[INFO] tweaked toml for crates.io crate fabruic 0.0.1-dev.6 written to /workspace/builds/worker-0-tc2/source/Cargo.toml
[INFO] crate crates.io crate fabruic 0.0.1-dev.6 already has a lockfile, it will not be regenerated
[INFO] running `Command { std: CARGO_HOME="/workspace/cargo-home" RUSTUP_HOME="/workspace/rustup-home" "/workspace/cargo-home/bin/cargo" "+e6e4f7ed1589e03bc2f6c5931c1a72e7947e8682" "fetch" "--manifest-path" "Cargo.toml", kill_on_drop: false }`
[INFO] running `Command { std: "docker" "create" "-v" "/var/lib/crater-agent-workspace/builds/worker-0-tc2/target:/opt/rustwide/target:rw,Z" "-v" "/var/lib/crater-agent-workspace/builds/worker-0-tc2/source:/opt/rustwide/workdir:ro,Z" "-v" "/var/lib/crater-agent-workspace/cargo-home:/opt/rustwide/cargo-home:ro,Z" "-v" "/var/lib/crater-agent-workspace/rustup-home:/opt/rustwide/rustup-home:ro,Z" "-e" "SOURCE_DIR=/opt/rustwide/workdir" "-e" "CARGO_TARGET_DIR=/opt/rustwide/target" "-e" "CARGO_HOME=/opt/rustwide/cargo-home" "-e" "RUSTUP_HOME=/opt/rustwide/rustup-home" "-w" "/opt/rustwide/workdir" "-m" "1610612736" "--user" "0:0" "--network" "none" "ghcr.io/rust-lang/crates-build-env/linux@sha256:19e73879b68f455e41552ea35293514db52ea292d993f571636dbffedb77a1ee" "/opt/rustwide/cargo-home/bin/cargo" "+e6e4f7ed1589e03bc2f6c5931c1a72e7947e8682" "metadata" "--no-deps" "--format-version=1", kill_on_drop: false }`
[INFO] [stdout] f420d9a695e19251e10f70c48144336ef9aae9dd4fa63e0d5dfb8587e9a5e4be
[INFO] running `Command { std: "docker" "start" "-a" "f420d9a695e19251e10f70c48144336ef9aae9dd4fa63e0d5dfb8587e9a5e4be", kill_on_drop: false }`
[INFO] running `Command { std: "docker" "inspect" "f420d9a695e19251e10f70c48144336ef9aae9dd4fa63e0d5dfb8587e9a5e4be", kill_on_drop: false }`
[INFO] running `Command { std: "docker" "rm" "-f" "f420d9a695e19251e10f70c48144336ef9aae9dd4fa63e0d5dfb8587e9a5e4be", kill_on_drop: false }`
[INFO] [stdout] f420d9a695e19251e10f70c48144336ef9aae9dd4fa63e0d5dfb8587e9a5e4be
[INFO] running `Command { std: "docker" "create" "-v" "/var/lib/crater-agent-workspace/builds/worker-0-tc2/target:/opt/rustwide/target:rw,Z" "-v" "/var/lib/crater-agent-workspace/builds/worker-0-tc2/source:/opt/rustwide/workdir:ro,Z" "-v" "/var/lib/crater-agent-workspace/cargo-home:/opt/rustwide/cargo-home:ro,Z" "-v" "/var/lib/crater-agent-workspace/rustup-home:/opt/rustwide/rustup-home:ro,Z" "-e" "SOURCE_DIR=/opt/rustwide/workdir" "-e" "CARGO_TARGET_DIR=/opt/rustwide/target" "-e" "CARGO_INCREMENTAL=0" "-e" "RUST_BACKTRACE=full" "-e" "RUSTFLAGS=--cap-lints=forbid" "-e" "RUSTDOCFLAGS=--cap-lints=forbid" "-e" "CARGO_HOME=/opt/rustwide/cargo-home" "-e" "RUSTUP_HOME=/opt/rustwide/rustup-home" "-w" "/opt/rustwide/workdir" "-m" "1610612736" "--user" "0:0" "--network" "none" "ghcr.io/rust-lang/crates-build-env/linux@sha256:19e73879b68f455e41552ea35293514db52ea292d993f571636dbffedb77a1ee" "/opt/rustwide/cargo-home/bin/cargo" "+e6e4f7ed1589e03bc2f6c5931c1a72e7947e8682" "check" "--frozen" "--all" "--all-targets" "--message-format=json", kill_on_drop: false }`
[INFO] [stdout] 275f1d81c3d5670cfd1c78ae8cf5d46e47f5798bab215ff271745208cfaf2c59
[INFO] running `Command { std: "docker" "start" "-a" "275f1d81c3d5670cfd1c78ae8cf5d46e47f5798bab215ff271745208cfaf2c59", kill_on_drop: false }`
[INFO] [stderr]    Compiling proc-macro2 v1.0.51
[INFO] [stderr]    Compiling unicode-ident v1.0.6
[INFO] [stderr]    Compiling quote v1.0.23
[INFO] [stderr]    Compiling syn v1.0.107
[INFO] [stderr]    Compiling libc v0.2.139
[INFO] [stderr]    Compiling num-integer v0.1.45
[INFO] [stderr]    Compiling futures-core v0.3.26
[INFO] [stderr]    Compiling num-bigint v0.4.3
[INFO] [stderr]    Compiling log v0.4.17
[INFO] [stderr]    Compiling futures-task v0.3.26
[INFO] [stderr]    Compiling thiserror v1.0.38
[INFO] [stderr]    Compiling futures-util v0.3.26
[INFO] [stderr]    Compiling tokio v1.25.0
[INFO] [stderr]     Checking base64 v0.21.0
[INFO] [stderr]     Checking futures-io v0.3.26
[INFO] [stderr]    Compiling rustls v0.20.8
[INFO] [stderr]     Checking nom v7.1.3
[INFO] [stderr]     Checking tracing-core v0.1.30
[INFO] [stderr]     Checking unicode-bidi v0.3.10
[INFO] [stderr]     Checking rustls-pemfile v1.0.2
[INFO] [stderr]     Checking openssl-probe v0.1.5
[INFO] [stderr]    Compiling serde_derive v1.0.152
[INFO] [stderr]    Compiling futures-channel v0.3.26
[INFO] [stderr]     Checking rustls-pemfile v0.2.1
[INFO] [stderr]    Compiling async-trait v0.1.64
[INFO] [stderr]    Compiling serde v1.0.152
[INFO] [stderr]    Compiling oid-registry v0.2.0
[INFO] [stderr]     Checking time-core v0.1.0
[INFO] [stderr]     Checking rustls-native-certs v0.6.2
[INFO] [stderr]    Compiling unicode-xid v0.2.4
[INFO] [stderr]     Checking time v0.3.19
[INFO] [stderr]     Checking data-encoding v2.3.3
[INFO] [stderr]     Checking spin v0.9.5
[INFO] [stderr]     Checking futures-sink v0.3.26
[INFO] [stderr]     Checking chrono v0.4.23
[INFO] [stderr]     Checking idna v0.3.0
[INFO] [stderr]    Compiling anyhow v1.0.69
[INFO] [stderr]     Checking idna v0.2.3
[INFO] [stderr]     Checking ipnet v2.7.1
[INFO] [stderr]     Checking if_chain v1.0.2
[INFO] [stderr]     Checking yasna v0.5.1
[INFO] [stderr]     Checking url v2.3.1
[INFO] [stderr]     Checking getrandom v0.2.8
[INFO] [stderr]     Checking ring v0.16.20
[INFO] [stderr]     Checking mio v0.8.6
[INFO] [stderr]     Checking socket2 v0.4.7
[INFO] [stderr]     Checking num_cpus v1.15.0
[INFO] [stderr]     Checking parking_lot_core v0.9.7
[INFO] [stderr]     Checking rand_core v0.6.4
[INFO] [stderr]     Checking nanorand v0.7.0
[INFO] [stderr]     Checking parking_lot v0.12.1
[INFO] [stderr]     Checking rand_chacha v0.3.1
[INFO] [stderr]     Checking rand v0.8.5
[INFO] [stderr]     Checking rusticata-macros v4.1.0
[INFO] [stderr]     Checking sct v0.7.0
[INFO] [stderr]     Checking webpki v0.22.0
[INFO] [stderr]     Checking rcgen v0.9.3
[INFO] [stderr]     Checking ct-logs v0.9.0
[INFO] [stderr]     Checking webpki-roots v0.22.6
[INFO] [stderr]    Compiling synstructure v0.12.6
[INFO] [stderr]    Compiling thiserror-impl v1.0.38
[INFO] [stderr]    Compiling futures-macro v0.3.26
[INFO] [stderr]    Compiling tokio-macros v1.8.2
[INFO] [stderr]    Compiling tracing-attributes v0.1.23
[INFO] [stderr]    Compiling der-oid-macro v0.5.0
[INFO] [stderr]    Compiling pin-project-internal v1.0.12
[INFO] [stderr]    Compiling zeroize_derive v1.3.3
[INFO] [stderr]    Compiling enum-as-inner v0.4.0
[INFO] [stderr]     Checking der-parser v6.0.1
[INFO] [stderr]     Checking zeroize v1.5.7
[INFO] [stderr]     Checking pin-project v1.0.12
[INFO] [stderr]     Checking flume v0.10.14
[INFO] [stderr]     Checking x509-parser v0.12.0
[INFO] [stderr]     Checking tracing v0.1.37
[INFO] [stderr]     Checking quinn-proto v0.8.4
[INFO] [stderr]     Checking futures-executor v0.3.26
[INFO] [stderr]     Checking quinn-udp v0.1.4
[INFO] [stderr]     Checking trust-dns-proto v0.21.2
[INFO] [stderr]     Checking quinn v0.8.5
[INFO] [stderr]     Checking bincode v1.3.3
[INFO] [stderr]     Checking fabruic v0.0.1-dev.6 (/opt/rustwide/workdir)
[INFO] [stdout] warning: lint `unaligned_references` has been removed: converted into hard error, see issue #82523 <https://github.com/rust-lang/rust/issues/82523> for more information
[INFO] [stdout]   --> src/lib.rs:20:2
[INFO] [stdout]    |
[INFO] [stdout] 20 |     unaligned_references,
[INFO] [stdout]    |     ^^^^^^^^^^^^^^^^^^^^
[INFO] [stdout]    |
[INFO] [stdout]    = note: `#[warn(renamed_and_removed_lints)]` on by default
[INFO] [stdout] 
[INFO] [stdout] 
[INFO] [stdout] error[E0433]: failed to resolve: use of undeclared crate or module `trust_dns_resolver`
[INFO] [stdout]    --> src/quic/endpoint/builder/mod.rs:693:6
[INFO] [stdout]     |
[INFO] [stdout] 693 |     use trust_dns_resolver::error::ResolveErrorKind;
[INFO] [stdout]     |         ^^^^^^^^^^^^^^^^^^ use of undeclared crate or module `trust_dns_resolver`
[INFO] [stdout] 
[INFO] [stdout] 
[INFO] [stdout] warning: lint `unaligned_references` has been removed: converted into hard error, see issue #82523 <https://github.com/rust-lang/rust/issues/82523> for more information
[INFO] [stdout]   --> src/lib.rs:20:2
[INFO] [stdout]    |
[INFO] [stdout] 20 |     unaligned_references,
[INFO] [stdout]    |     ^^^^^^^^^^^^^^^^^^^^
[INFO] [stdout]    |
[INFO] [stdout]    = note: `#[warn(renamed_and_removed_lints)]` on by default
[INFO] [stdout] 
[INFO] [stdout] 
[INFO] [stdout] error[E0599]: no method named `set_trust_dns` found for struct `builder::Builder` in the current scope
[INFO] [stdout]    --> src/quic/endpoint/builder/mod.rs:917:11
[INFO] [stdout]     |
[INFO] [stdout] 35  | pub struct Builder {
[INFO] [stdout]     | ------------------ method `set_trust_dns` not found for this struct
[INFO] [stdout] ...
[INFO] [stdout] 917 |         builder.set_trust_dns(false);
[INFO] [stdout]     |                 ^^^^^^^^^^^^^ help: there is a method with a similar name: `trust_dns`
[INFO] [stdout] 
[INFO] [stdout] 
[INFO] [stdout] error[E0599]: no method named `set_trust_dns` found for struct `builder::Builder` in the current scope
[INFO] [stdout]    --> src/quic/endpoint/builder/mod.rs:920:11
[INFO] [stdout]     |
[INFO] [stdout] 35  | pub struct Builder {
[INFO] [stdout]     | ------------------ method `set_trust_dns` not found for this struct
[INFO] [stdout] ...
[INFO] [stdout] 920 |         builder.set_trust_dns(true);
[INFO] [stdout]     |                 ^^^^^^^^^^^^^ help: there is a method with a similar name: `trust_dns`
[INFO] [stdout] 
[INFO] [stdout] 
[INFO] [stdout] error[E0599]: no variant or associated item named `TrustDns` found for enum `error::Connect` in the current scope
[INFO] [stdout]    --> src/quic/endpoint/builder/mod.rs:959:30
[INFO] [stdout]     |
[INFO] [stdout] 959 |         if let Err(error::Connect::TrustDns(error)) = &result {
[INFO] [stdout]     |                                    ^^^^^^^^ variant or associated item not found in `Connect`
[INFO] [stdout]     |
[INFO] [stdout]    ::: src/error.rs:141:1
[INFO] [stdout]     |
[INFO] [stdout] 141 | pub enum Connect {
[INFO] [stdout]     | ---------------- variant or associated item `TrustDns` not found for this enum
[INFO] [stdout] 
[INFO] [stdout] 
[INFO] [stdout] error[E0599]: no method named `dnssec` found for struct `builder::Builder` in the current scope
[INFO] [stdout]    --> src/quic/endpoint/builder/mod.rs:976:19
[INFO] [stdout]     |
[INFO] [stdout] 35  | pub struct Builder {
[INFO] [stdout]     | ------------------ method `dnssec` not found for this struct
[INFO] [stdout] ...
[INFO] [stdout] 976 |         assert!(builder.dnssec());
[INFO] [stdout]     |                         ^^^^^^ method not found in `Builder`
[INFO] [stdout] 
[INFO] [stdout] 
[INFO] [stdout] error[E0599]: no method named `set_dnssec` found for struct `builder::Builder` in the current scope
[INFO] [stdout]    --> src/quic/endpoint/builder/mod.rs:978:11
[INFO] [stdout]     |
[INFO] [stdout] 35  | pub struct Builder {
[INFO] [stdout]     | ------------------ method `set_dnssec` not found for this struct
[INFO] [stdout] ...
[INFO] [stdout] 978 |         builder.set_dnssec(false);
[INFO] [stdout]     |                 ^^^^^^^^^^ method not found in `Builder`
[INFO] [stdout] 
[INFO] [stdout] 
[INFO] [stdout] error[E0599]: no method named `dnssec` found for struct `builder::Builder` in the current scope
[INFO] [stdout]    --> src/quic/endpoint/builder/mod.rs:979:20
[INFO] [stdout]     |
[INFO] [stdout] 35  | pub struct Builder {
[INFO] [stdout]     | ------------------ method `dnssec` not found for this struct
[INFO] [stdout] ...
[INFO] [stdout] 979 |         assert!(!builder.dnssec());
[INFO] [stdout]     |                          ^^^^^^ method not found in `Builder`
[INFO] [stdout] 
[INFO] [stdout] 
[INFO] [stdout] error[E0599]: no method named `set_dnssec` found for struct `builder::Builder` in the current scope
[INFO] [stdout]    --> src/quic/endpoint/builder/mod.rs:981:11
[INFO] [stdout]     |
[INFO] [stdout] 35  | pub struct Builder {
[INFO] [stdout]     | ------------------ method `set_dnssec` not found for this struct
[INFO] [stdout] ...
[INFO] [stdout] 981 |         builder.set_dnssec(true);
[INFO] [stdout]     |                 ^^^^^^^^^^ method not found in `Builder`
[INFO] [stdout] 
[INFO] [stdout] 
[INFO] [stdout] error[E0599]: no method named `dnssec` found for struct `builder::Builder` in the current scope
[INFO] [stdout]    --> src/quic/endpoint/builder/mod.rs:982:19
[INFO] [stdout]     |
[INFO] [stdout] 35  | pub struct Builder {
[INFO] [stdout]     | ------------------ method `dnssec` not found for this struct
[INFO] [stdout] ...
[INFO] [stdout] 982 |         assert!(builder.dnssec());
[INFO] [stdout]     |                         ^^^^^^ method not found in `Builder`
[INFO] [stdout] 
[INFO] [stdout] 
[INFO] [stdout] error[E0599]: no method named `set_dnssec` found for struct `builder::Builder` in the current scope
[INFO] [stdout]    --> src/quic/endpoint/builder/mod.rs:988:11
[INFO] [stdout]     |
[INFO] [stdout] 35  | pub struct Builder {
[INFO] [stdout]     | ------------------ method `set_dnssec` not found for this struct
[INFO] [stdout] ...
[INFO] [stdout] 988 |         builder.set_dnssec(false);
[INFO] [stdout]     |                 ^^^^^^^^^^ method not found in `Builder`
[INFO] [stdout] 
[INFO] [stdout] 
[INFO] [stdout] warning: 1 warning emitted
[INFO] [stdout] 
[INFO] [stdout] 
[INFO] [stdout] error[E0599]: no method named `hosts_file` found for struct `builder::Builder` in the current scope
[INFO] [stdout]     --> src/quic/endpoint/builder/mod.rs:1002:20
[INFO] [stdout]      |
[INFO] [stdout] 35   | pub struct Builder {
[INFO] [stdout]      | ------------------ method `hosts_file` not found for this struct
[INFO] [stdout] ...
[INFO] [stdout] 1002 |         assert!(!builder.hosts_file());
[INFO] [stdout]      |                          ^^^^^^^^^^ method not found in `Builder`
[INFO] [stdout] 
[INFO] [stdout] 
[INFO] [stdout] error[E0599]: no method named `set_hosts_file` found for struct `builder::Builder` in the current scope
[INFO] [stdout]     --> src/quic/endpoint/builder/mod.rs:1004:11
[INFO] [stdout]      |
[INFO] [stdout] 35   | pub struct Builder {
[INFO] [stdout]      | ------------------ method `set_hosts_file` not found for this struct
[INFO] [stdout] ...
[INFO] [stdout] 1004 |         builder.set_hosts_file(true);
[INFO] [stdout]      |                 ^^^^^^^^^^^^^^ method not found in `Builder`
[INFO] [stdout] 
[INFO] [stdout] 
[INFO] [stdout] error[E0599]: no method named `hosts_file` found for struct `builder::Builder` in the current scope
[INFO] [stdout]     --> src/quic/endpoint/builder/mod.rs:1005:19
[INFO] [stdout]      |
[INFO] [stdout] 35   | pub struct Builder {
[INFO] [stdout]      | ------------------ method `hosts_file` not found for this struct
[INFO] [stdout] ...
[INFO] [stdout] 1005 |         assert!(builder.hosts_file());
[INFO] [stdout]      |                         ^^^^^^^^^^ method not found in `Builder`
[INFO] [stdout] 
[INFO] [stdout] 
[INFO] [stdout] error[E0599]: no method named `set_hosts_file` found for struct `builder::Builder` in the current scope
[INFO] [stdout]     --> src/quic/endpoint/builder/mod.rs:1007:11
[INFO] [stdout]      |
[INFO] [stdout] 35   | pub struct Builder {
[INFO] [stdout]      | ------------------ method `set_hosts_file` not found for this struct
[INFO] [stdout] ...
[INFO] [stdout] 1007 |         builder.set_hosts_file(false);
[INFO] [stdout]      |                 ^^^^^^^^^^^^^^ method not found in `Builder`
[INFO] [stdout] 
[INFO] [stdout] 
[INFO] [stdout] error[E0599]: no method named `hosts_file` found for struct `builder::Builder` in the current scope
[INFO] [stdout]     --> src/quic/endpoint/builder/mod.rs:1008:20
[INFO] [stdout]      |
[INFO] [stdout] 35   | pub struct Builder {
[INFO] [stdout]      | ------------------ method `hosts_file` not found for this struct
[INFO] [stdout] ...
[INFO] [stdout] 1008 |         assert!(!builder.hosts_file());
[INFO] [stdout]      |                          ^^^^^^^^^^ method not found in `Builder`
[INFO] [stdout] 
[INFO] [stdout] 
[INFO] [stdout] error[E0599]: no method named `set_dnssec` found for struct `builder::Builder` in the current scope
[INFO] [stdout]     --> src/quic/endpoint/builder/mod.rs:1020:11
[INFO] [stdout]      |
[INFO] [stdout] 35   | pub struct Builder {
[INFO] [stdout]      | ------------------ method `set_dnssec` not found for this struct
[INFO] [stdout] ...
[INFO] [stdout] 1020 |         builder.set_dnssec(false);
[INFO] [stdout]      |                 ^^^^^^^^^^ method not found in `Builder`
[INFO] [stdout] 
[INFO] [stdout] 
[INFO] [stdout] error[E0599]: no method named `set_dnssec` found for struct `builder::Builder` in the current scope
[INFO] [stdout]     --> src/quic/endpoint/builder/mod.rs:1050:11
[INFO] [stdout]      |
[INFO] [stdout] 35   | pub struct Builder {
[INFO] [stdout]      | ------------------ method `set_dnssec` not found for this struct
[INFO] [stdout] ...
[INFO] [stdout] 1050 |         builder.set_dnssec(false);
[INFO] [stdout]      |                 ^^^^^^^^^^ method not found in `Builder`
[INFO] [stdout] 
[INFO] [stdout] 
[INFO] [stdout] error[E0599]: no method named `set_dnssec` found for struct `builder::Builder` in the current scope
[INFO] [stdout]     --> src/quic/endpoint/builder/mod.rs:1077:11
[INFO] [stdout]      |
[INFO] [stdout] 35   | pub struct Builder {
[INFO] [stdout]      | ------------------ method `set_dnssec` not found for this struct
[INFO] [stdout] ...
[INFO] [stdout] 1077 |         builder.set_dnssec(false);
[INFO] [stdout]      |                 ^^^^^^^^^^ method not found in `Builder`
[INFO] [stdout] 
[INFO] [stdout] 
[INFO] [stdout] error: aborting due to 18 previous errors; 1 warning emitted
[INFO] [stdout] 
[INFO] [stdout] 
[INFO] [stdout] Some errors have detailed explanations: E0433, E0599.
[INFO] [stdout] 
[INFO] [stdout] For more information about an error, try `rustc --explain E0433`.
[INFO] [stdout] 
[INFO] [stderr] error: could not compile `fabruic` (lib test) due to 19 previous errors; 1 warning emitted
[INFO] running `Command { std: "docker" "inspect" "275f1d81c3d5670cfd1c78ae8cf5d46e47f5798bab215ff271745208cfaf2c59", kill_on_drop: false }`
[INFO] running `Command { std: "docker" "rm" "-f" "275f1d81c3d5670cfd1c78ae8cf5d46e47f5798bab215ff271745208cfaf2c59", kill_on_drop: false }`
[INFO] [stdout] 275f1d81c3d5670cfd1c78ae8cf5d46e47f5798bab215ff271745208cfaf2c59
